 - -13) + (-1 - 2) - 7.
27
(145 + -134 - (31 - 1)) + -5
-24
Calculate 5 + -5 + -2 - ((7 - 3) + -3).
-3
Evaluate 23 + -8 - (-2 - 5 - (-1 - 2)).
19
What is the value of -22 - (-16 - -18 - 42)?
18
What is -10 + -2 + (-16 - (-4 - 14))?
-10
Calculate 0 + -4 - (152 - 165).
9
Calculate -2 + -1 + (0 - -16).
13
What is the value of -11 - ((-4 - (4 - 9)) + (-14 - -7))?
-5
What is the value of -8 + (-2 - -10 - 9 - -9 - 2)?
-2
What is the value of 6 + (1 - 1) + (-159 - -152)?
-1
Evaluate 40 - 27 - (2 - (1 + (-4 - -3))).
11
Calculate (-11 - -13 - 2) + (4 - 4).
0
Evaluate -7 - -1 - (-10 - (11 - 10)).
5
(-4 - 2) + (-5 - (-7 - -4)) + 7
-1
What is 5 + 7 + (-2 - (-1 - -8)) - 4?
-1
What is the value of -4 + -6 + 7 - 1?
-4
Calculate (3 - (1 - -2 - -7 - 3)) + 15.
11
What is the value of 1 + -4 + (-5 - -5) + 0 - -5?
2
What is the value of 5 + (14 + -4 + -1 - 1)?
13
What is the value of 1018 - 1077 - (-25 - 2)?
-32
What is -1 - -1 - (1 - 3) - (3 + -3)?
2
What is the value of -1 + -13 + (-14 - -10) + 2 + 4?
-12
Calculate 9 - (1 - 1) - (-58 + 142 + -89).
14
What is 3 - -7 - (-8 + 11 + 4)?
3
What is (507 - 507) + 5 + -5 + 20 + 0?
20
What is the value of 1 + -19 + -61 + 61?
-18
What is 10 + (-6 - (10 + -3 - 6)) - -36?
39
Calculate (0 - 5) + (32 + -4 - 32).
-9
Evaluate 8 - (7 - (-18 + 8 + 4)).
-5
What is (10 - (13 - 4)) + 13?
14
Evaluate 28 + 0 + (-59 - -32 - -20).
21
Evaluate -2 + 11 - (70 - 71).
10
What is -10 - (78 + -69 + -7 + -1)?
-11
Evaluate (-11 - (3 - (2 + (0 - -2)))) + 40.
30
What is the value of 8 + (14 - 24) + -28?
-30
What is -6 + -12 + 25 + 4?
11
What is (-41 - 19) + 32 + 1 + 3?
-24
-37 + 42 - 21 - (1 - 5)
-12
What is the value of -7 + (10 + -5 - 4) + -7 + 40?
27
What is the value of 840 - 839 - (-1 + 10 - 1)?
-7
Calculate -5 - -4 - (9 + 2 + 11) - -5.
-18
Calculate 8 + (-1 - 1) - (36 - 34).
4
(16 - -15) + -21 - -1
11
Evaluate 0 - -19 - (-76 - -90).
5
Calculate 8 - (11 - (9 - -6)).
12
(0 + 3 - -2) + 3 + 10 + -1
17
-6 - (-4 - (28 - 16))
10
What is 23 + 19 - 26 - 46?
-30
14 + (15 - (-25 + 58))
-4
What is the value of -26 + 18 + 21 + -20?
-7
Evaluate (11 - -1) + 26 + -33.
5
What is 16 + (-23 - 11) + 8?
-10
Calculate -2 + -2 + -3 + (-9 - 3 - -9).
-10
What is 3 - 5 - (-5 + 6 + 3)?
-6
What is 8 - 18 - (6 - 11 - -5)?
-10
-6 + (-9 - -20) - (27 + -18)
-4
-10 - (1 - (5 - 2 - 12))
-20
What is the value of -1 + (-7 - 2 - -4) + 7 - 12?
-11
-14 + 0 + (-5 - -6 - -5)
-8
Evaluate 12 + (29 - 46 - -31).
26
Evaluate 46 - ((-40 - -70) + 50).
-34
Calculate -13 - -45 - (0 + 3).
29
What is (5 - (0 - (1 - 6))) + -11?
-11
What is the value of (3 - 8 - (10 - 8 - -3)) + 6?
-4
Evaluate -8 + (16 - 11) + (-1 - -1) + -9.
-12
What is (-46 + 39 - 41) + 18?
-30
12 + -3 + -7 + (40 - 22)
20
Calculate 12 - (-21 + (-7 - -19)).
21
Evaluate 20 + (-21 - -22 - (-2 + (-6 - -6))).
23
What is the value of 55 + -48 + 5 + 27?
39
What is the value of (2 - (-1 - -26)) + 5 + 0 - -8?
-10
Calculate 13 - (21 - (-27 - -11)).
-24
Calculate 1 + (-10 + -6 + 9 - -3) + 0.
-3
Calculate (0 - 9) + 554 + -540.
5
What is the value of -4 - ((-92 - -91) + (1 - 9) - 4)?
9
(-35 - -10) + 16 - -9
0
Evaluate -5 + 20 + (-19 - 1).
-5
Calculate (-14 - (-5 - 9)) + 12 - (45 + -4).
-29
-62 + 62 - (1 - -2) - (6 - 2)
-7
Evaluate -1 - (-5 - (7 - 6)) - -5 - 8.
2
Calculate 6 - 1 - (-49 + 57).
-3
What is the value of -19 - (-27 - (-46 + 9))?
-29
Evaluate -6 - (54 - 59 - ((-1 - -1) + -2)).
-3
(-4 - -1) + -21 + 9 + -22 + 16
-21
-15 - (22 + -23) - -4
-10
What is -16 - (-25 - (-2 + 5))?
12
Calculate (-1 - (-2 - 43)) + 157 + -170.
31
13 + (11 - 3 - 23)
-2
What is (-21 - (19 + -23)) + 5?
-12
Calculate (-166 + 169 - (3 + 17)) + 49.
32
Evaluate ((-8 + -2 - -9) + -7 - -4) + 28.
24
What is 23 + -39 + 24 + (1 + -1 - 7)?
1
What is the value of 0 - ((4 - (-5 - -3 - -1)) + 2)?
-7
Calculate 1 + -2 + 1 + 1 - -4 - 9.
-4
(-25 + 71 - 26) + 2
22
What is 35 - -2 - (22 - -2)?
13
What is -40 + 34 + (0 - 19)?
-25
Evaluate 29 + 3 + (28 - 17) + -18.
25
(9 + -7 + 9 - 6) + -13 + -1
-9
Evaluate -204 - -202 - (-1 - -2 - (-3 + -2)).
-8
Calculate 0 + -5 + (3 + -21 - (-27 - -15)).
-11
What is the value of 19 + -11 + (-3 - -1 - -9 - 5)?
10
What is (-1 - 0) + (-17 - (-7 + -5)) + -6?
-12
What is the value of (1 - 2) + (9 - 2) - (16 + 5)?
-15
What is 7 + 1 - (9 - (-12 + 13))?
0
4 - (-6 + 19) - (6 + -16)
1
Calculate (-17 - -8) + 11 - -12.
14
What is the value of -34 + 45 - (6 - (14 - -7))?
26
Calculate -23 + -274 + 272 + 9 + (0 - 1).
-17
Evaluate (5 - 0) + (4 + -2 - -1 - -5).
13
Evaluate -9 + 33 + -54 + 5 + 2.
-23
Calculate (-31 - (-24 - -15)) + 0.
-22
What is the value of (10 - (-12 - -12)) + -3 + -22 + -4?
-19
(-8 - (2 + -5 + 1)) + -5 + 19
8
What is the value of -5 + -2 + 6 + (-9 - -5)?
-5
Calculate 7 + (-10 - -10) - 26.
-19
-2 + -4 + 6 + -2 - -7
5
(28 - 20 - 14) + (-4 - (1 - 3))
-8
Evaluate -9 - (10 - (-16 - -27)).
-8
What is 10 - (-6 - -2 - (13 + -12))?
15
Evaluate (7 + -3 - (-1 + 4)) + -33 + 25.
-7
Calculate -11 + 15 + 15 + -15 - -16.
20
Calculate -4 + (-4 - -14 - ((-3 - 3) + 2)).
10
What is the value of -10 - (-4 - (22 + -18 - (3 + 0)))?
-5
What is the value of 8 + -26 - (56 + -81)?
7
-3 - 1 - (8 - (31 + 3))
22
What is the value of 5 + (14 - (21 - 21)) + (-8 - 1)?
10
What is 58 - 34 - (5 - -9)?
10
Evaluate 94 - 122 - -16 - (-31 - 1).
20
-12 - (-38 + 39) - (0 - (0 + 0))
-13
What is -4 + (28 - (8 - -3)) + -9?
4
-10 + (2 - 6 - -9) - (9 + -1)
-13
What is 0 - -9 - (2 - (-11 - -7))?
3
Evaluate (-9 - -17) + -1 - -3.
10
(-1 - (-2 - -2)) + 25 + -12 + 7
19
What is the value of (-29 - -6 - -11) + 7 + 9?
4
What is 0 + 5 - (3 + (-1 - -14))?
-11
What is the value of 18 + -22 + -18 - 3?
-25
Calculate 6 - 38 - (1 + 0) - (1231 + -1235).
-29
What is -9 + (12 - (8 - -21))?
-26
What is the value of 11 - (-17 + 15 + 23)?
-10
Calculate 2 + 12 + -5 + (-18 - -12) + 25.
28
7 - (24 + (13 + -5 - 17))
-8
What is the value of 69 - 26 - 26 - 39?
-22
Evaluate 1 - ((2 + -4 - (3 - 8)) + 14).
-16
Calculate 9 + (42 - (8 - -27)) + -6 + 0.
10
What is the value of -15 + (0 - 3) + (3 - (21 - 20))?
-16
What is the value of 7 + 5 + -7 + -13 - -18?
10
What is the value of -10 + 1 + 2 - (-60 - -56)?
-3
What is -6 + 0 + (-3 - 19) + 20?
-8
Evaluate 26 + -47 - 5 - -30.
4
(0 + -3 - 2) + 11 + 6 + -5
7
What is the value of (2 - 4) + (21 - 14) + 6?
11
What is -9 - (-17 - (-3 - 10))?
-5
What is (-1 + 4 - 6) + 3 - (-121 + 114)?
7
Evaluate 8 + -13 + 2 - 1.
-4
Evaluate 1 - 3 - (-16 - (-2 - 26)).
-14
What is 1 - 19 - (2 - 35 - -23)?
-8
-33 - (-1 - (42 + 13))
23
What is the value of 20 - 36 - (-1 + 2 + -5 + -2)?
-10
Calculate 1 - (-15 + 2) - (-188 + 192).
10
What is the value of 6 - (3 + -12 + 12 + -13)?
16
What is the value of (0 - -9 - (-1284 - -1266)) + -1 + 9?
35
What is the value of (-2 - (-14 + -1)) + (-84 - -72)?
1
38 + 12 + 14 + -64
0
Evaluate -12 + (-23 - -10) + (4 - -2) + 17.
-2
Evaluate -9 + (-24 - (7 + -16)).
-24
What is the value of -58 + 14 - (-48 - -11)?
-7
What is 1 + 6 - (24 + (74 - 91))?
0
-4 - (9 + (-82 - -19 - -19))
31
What is 4 + -3 - 2 - (-14 - -25)?
-12
Evaluate (9 - (2 - -7)) + -2 + 20 + 1.
19
(1 - (-28 + 14)) + -10
5
Calculate (2 - 2) + -9 + 5.
-4
Calculate -11 + 7 - -33 - (15 - 3).
17
What is the value of (-3 + 6 - 1) + (17 - -8) + -15?
12
Evaluate 8 + (-3 - 0 - 0 - (24 + -15)).
-4
What is the value of -23 - (6 + -14) - -10 - 5?
-10
Calculate -9 + -5 + 7 + 0.
-7
What is the value of -6 + (9 - (22 - 1))?
-18
What is -5934 + 5954 - (1 - 8 - (2 - 4))?
25
Calculate 1 - -12 - -3 - (13 - 17 - -10).
10
What is the value of 2 + (-9 - (-18 - -8)) + (3 - 3)?
3
What is the value of -1 + -5 - (49 - (-68 + 162))?
39
What is the value of 7 + (65 + -65 - (-1 - -13))?
-5
What is (-8 - (-8 + 12 - 18)) + 3?
9
Calculate (-5 - (-12 + (-4 - -11))) + (-3 - -4).
1
What is the value of 21 - -1 - (112 - 113)?
23
Evaluate 3 + -33 - (-56 + 32).
-6
4 + (-206 - -211 - (0 - -13)) + -3
-7
What is 153 - 143 - (1 - -13)?
-4
What is the value of 10 - (11 + (-6 - 19) - -12)?
12
What is -10 - (-13 - (37 - 15))?
25
What is 25 + (-31 - (10 - 28))?
12
0 + -2 - (-83 - -82)
-1
What is (6 - (13 + -2)) + 1 + 6 - 25?
-23
Calculate (15 - 19) + -10 - (-9 + -17).
12
-5 + (-31 - -20) - -2
-14
Evaluate (2 + -8 - (5 + -7)) + 3.
-1
6 + -6 + -23 - -4
-19
(23 - -1) + (86 - 96)
14
Evaluate (-4 - (6 + -8) - -8) + -6 + 1.
1
Evaluate (22 - (-17 + 28)) 